prime factors of 15675615.
3, 5, 17, 31, 661
What are the prime factors of 206972?
2, 59, 877
List the prime factors of 28119393.
3, 359, 967
List the prime factors of 7032886.
2, 7, 37, 13577
List the prime factors of 55280.
2, 5, 691
List the prime factors of 52792.
2, 6599
What are the prime factors of 20630653?
359, 57467
List the prime factors of 10520304.
2, 3, 61, 3593
List the prime factors of 2592535.
5, 11, 47137
What are the prime factors of 2841830?
2, 5, 19, 14957
List the prime factors of 6582870.
2, 3, 5, 7, 43
What are the prime factors of 5621698?
2, 2810849
List the prime factors of 520028.
2, 29, 4483
What are the prime factors of 3070811?
67, 45833
What are the prime factors of 8586?
2, 3, 53
List the prime factors of 738236.
2, 184559
List the prime factors of 1621052.
2, 17, 31, 769
List the prime factors of 444916.
2, 111229
List the prime factors of 1757292.
2, 3, 23, 6367
List the prime factors of 1044050.
2, 5, 7, 19, 157
List the prime factors of 6095705.
5, 7, 11, 71, 223
What are the prime factors of 285688?
2, 13, 41, 67
List the prime factors of 299963.
79, 3797
What are the prime factors of 4623907?
47, 131, 751
What are the prime factors of 950632?
2, 331, 359
What are the prime factors of 1050322?
2, 7, 13, 29, 199
List the prime factors of 10554319.
10554319
What are the prime factors of 2418?
2, 3, 13, 31
What are the prime factors of 10586?
2, 67, 79
List the prime factors of 23347387.
7, 1487, 2243
What are the prime factors of 901156?
2, 225289
List the prime factors of 3447023.
241, 14303
What are the prime factors of 240257?
240257
List the prime factors of 183377.
183377
List the prime factors of 346643.
11, 31513
What are the prime factors of 697831?
697831
List the prime factors of 180633.
3, 19, 3169
What are the prime factors of 3025459?
3025459
List the prime factors of 231486.
2, 3, 41, 941
List the prime factors of 963428.
2, 107, 2251
List the prime factors of 227323.
31, 7333
List the prime factors of 8833731.
3, 2944577
What are the prime factors of 270171?
3, 11, 2729
List the prime factors of 242714.
2, 121357
What are the prime factors of 1020775?
5, 7, 19, 307
List the prime factors of 30953.
13, 2381
What are the prime factors of 371141?
371141
List the prime factors of 5354858.
2, 911, 2939
What are the prime factors of 770701?
67, 11503
List the prime factors of 405228.
2, 3, 33769
List the prime factors of 846394.
2, 29, 14593
What are the prime factors of 118962?
2, 3, 2203
What are the prime factors of 129888?
2, 3, 11, 41
What are the prime factors of 5353381?
11, 486671
What are the prime factors of 394408?
2, 7, 7043
What are the prime factors of 346042?
2, 173021
What are the prime factors of 222008?
2, 27751
What are the prime factors of 118491?
3, 127, 311
List the prime factors of 527872.
2, 1031
List the prime factors of 157221.
3, 647
What are the prime factors of 1805758?
2, 263, 3433
What are the prime factors of 3890718?
2, 3, 13, 1279
List the prime factors of 156340.
2, 5, 7817
List the prime factors of 115051.
103, 1117
What are the prime factors of 17417?
17417
What are the prime factors of 1580937?
3, 53, 61, 163
What are the prime factors of 9583350?
2, 3, 5, 7, 9127
List the prime factors of 19190094.
2, 3, 7, 11, 73, 569
What are the prime factors of 4665483?
3, 518387
List the prime factors of 192244.
2, 13, 3697
What are the prime factors of 6115932?
2, 3, 56629
List the prime factors of 654512.
2, 19, 2153
What are the prime factors of 471526?
2, 11, 21433
What are the prime factors of 408901?
17, 67, 359
What are the prime factors of 1638248?
2, 204781
What are the prime factors of 251235?
3, 5, 1861
What are the prime factors of 5821838?
2, 11, 53, 4993
What are the prime factors of 3768045?
3, 5, 251203
What are the prime factors of 421332?
2, 3, 35111
What are the prime factors of 26312559?
3, 7, 13, 281
List the prime factors of 194836.
2, 67, 727
What are the prime factors of 4031298?
2, 3, 37, 6053
List the prime factors of 7239642.
2, 3, 37, 32611
What are the prime factors of 566637?
3, 19, 9941
List the prime factors of 233184.
2, 3, 7, 347
What are the prime factors of 17108855?
5, 1823, 1877
What are the prime factors of 18458189?
18458189
What are the prime factors of 9725495?
5, 13, 149623
What are the prime factors of 2426809?
7, 11, 31517
List the prime factors of 926038.
2, 79, 5861
What are the prime factors of 1057069?
13, 31, 43, 61
List the prime factors of 889398.
2, 3, 49411
What are the prime factors of 783867?
3, 7, 163, 229
List the prime factors of 23784222.
2, 3, 7, 11, 51481
List the prime factors of 462788.
2, 127, 911
List the prime factors of 1361351.
103, 13217
What are the prime factors of 396150?
2, 3, 5, 19, 139
What are the prime factors of 412037?
412037
What are the prime factors of 2909891?
23, 126517
What are the prime factors of 220244?
2, 55061
What are the prime factors of 4083146?
2, 173, 11801
What are the prime factors of 557123?
7, 79589
What are the prime factors of 278935?
5, 55787
What are the prime factors of 3179677?
439, 7243
List the prime factors of 4010836.
2, 1002709
What are the prime factors of 14370092?
2, 11, 326593
What are the prime factors of 6318855?
3, 5, 140419
List the prime factors of 277646.
2, 29, 4787
What are the prime factors of 257519?
257519
List the prime factors of 1375633.
7, 196519
List the prime factors of 395340.
2, 3, 5, 11, 599
What are the prime factors of 157593?
3, 131, 401
What are the prime factors of 3426085?
5, 13, 52709
List the prime factors of 8594479.
19, 23, 71, 277
What are the prime factors of 472461?
3, 11, 103, 139
What are the prime factors of 474650?
2, 5, 11, 863
List the prime factors of 13657054.
2, 6828527
What are the prime factors of 869943?
3, 409, 709
What are the prime factors of 366941?
366941
List the prime factors of 1053073.
7, 150439
List the prime factors of 847621.
847621
What are the prime factors of 171759?
3, 7, 8179
What are the prime factors of 20018120?
2, 5, 29, 17257
What are the prime factors of 325668?
2, 3, 7, 3877
List the prime factors of 126950.
2, 5, 2539
What are the prime factors of 2275086?
2, 3, 11, 34471
What are the prime factors of 257594?
2, 37, 59
List the prime factors of 3178858.
2, 73, 21773
What are the prime factors of 1026910?
2, 5, 103, 997
List the prime factors of 1172066.
2, 7, 83719
List the prime factors of 504531.
3, 61, 919
List the prime factors of 2161071.
3, 11, 83, 263
List the prime factors of 16975296.
2, 3, 13, 2267
What are the prime factors of 14963211?
3, 139, 443
What are the prime factors of 16124?
2, 29, 139
List the prime factors of 270880.
2, 5, 1693
What are the prime factors of 1231012?
2, 467, 659
List the prime factors of 1072157.
1072157
What are the prime factors of 14579499?
3, 11, 107, 4129
List the prime factors of 3671525.
5, 11, 13, 79
What are the prime factors of 393998?
2, 11, 17909
List the prime factors of 400507.
157, 2551
What are the prime factors of 796430?
2, 5, 73, 1091
What are the prime factors of 435024?
2, 3, 19, 53
What are the prime factors of 1029335?
5, 127, 1621
What are the prime factors of 485781?
3, 193, 839
List the prime factors of 1813154.
2, 7, 67, 1933
List the prime factors of 36260885.
5, 2399, 3023
List the prime factors of 426448.
2, 11, 2423
What are the prime factors of 59232?
2, 3, 617
List the prime factors of 1970079.
3, 17, 38629
List the prime factors of 1464046.
2, 732023
What are the prime factors of 10042443?
3, 47, 23741
What are the prime factors of 21851943?
3, 163, 44687
List the prime factors of 379593.
3, 17, 827
What are the prime factors of 1584707?
131, 12097
List the prime factors of 1264322.
2, 443, 1427
List the prime factors of 63612.
2, 3, 19, 31
List the prime factors of 125284.
2, 31321
What are the prime factors of 716912?
2, 7, 37, 173
What are the prime factors of 2371623?
3, 59, 13399
What are the prime factors of 98349?
3, 32783
What are the prime factors of 3802814?
2, 1901407
List the prime factors of 3616965.
3, 5, 11, 7307
What are the prime factors of 37717?
37717
What are the prime factors of 383091?
3, 277, 461
List the prime factors of 2867463.
3, 37, 79, 109
What are the prime factors of 4554520?
2, 5, 31